Let g be f(3). Let l be 8/3 + 18/(-27). Let r(u) = -7 + u**l + 6*u - 3*u - 4*u + 4*u. Give r(g).
3
Let t = 68 + -59. Let q = -6 + t. Let u(z) = -z + 1. Give u(q).
-2
Let i(h) = -h**3 + 10*h**2 - 9*h - 10. Suppose 0 = 7*g - 45 - 18. Give i(g).
-10
Let k(u) = 7*u + 2. Let o(q) = 20*q + 5. Let w(n) = 11*k(n) - 4*o(n). Let h be 3/((-15)/6 - -1). Let y(m) = -2*m**2 - 4*m - 2. Let s be y(h). Calculate w(s).
8
Let l(w) = 5*w**2 - w. Suppose -4*i - 5*b - 21 = 0, 5*b + 17 = 2*i + 2*b. Determine l(i).
4
Let p(a) be the first derivative of a**3/3 - 6*a**2 - 8*a - 227. What is p(9)?
-35
Let k(y) = -y**2 - 11*y - 9. Let b(f) = -11*f - 89. Let d be b(-7). Give k(d).
-21
Let u(d) be the second derivative of -2*d**3/3 - 67*d**2/2 + 39*d. What is u(-16)?
-3
Suppose -12*a + 14*a - 6 = 0. Let x = a - 0. Let k(u) = -u - 3. Determine k(x).
-6
Let f(j) be the second derivative of 2*j**2 - 1/12*j**4 + j**3 + 0 - j. What is f(6)?
4
Let x be ((-2)/6)/((-2)/18). Suppose 65 = 10*l + 25. Let v(u) = 168 - 168 - l*u. What is v(x)?
-12
Let b(f) = -f + 2. Let v = 26 - 5. Let x = v + -16. Suppose -x*j - 18 = o - 2*o, -6 = j + o. Calculate b(j).
6
Let m(g) = g**2. Let v(q) = -3*q**2 - 4*q - 4. Let w(b) = 2*m(b) + v(b). Let n(d) = d**2 - 16*d + 45. Let c be n(12). Calculate w(c).
-1
Let o(b) = 1 - 11 + 2*b - 3*b + 3. Suppose 2*t = -0*p - 4*p - 10, 2*t + 12 = -5*p. Let u be ((-2)/6)/(t/(-15)). Give o(u).
-2
Let f(q) = -693*q**3 + 13*q**2 - 6*q**2 + 692*q**3 - 8. What is f(7)?
-8
Suppose 1 = -3*x - 2. Let y(g) = 5*g**2 - 4*g + 4. Let s(j) = -j + 1. Let b(z) = 5*s(z) - y(z). Let m(n) = -1. Let r(p) = b(p) + 2*m(p). Give r(x).
-5
Let p be (-18)/126 - (-15)/7. Let h(q) = 3*q**2 + q + 2*q + q + 7 - p*q**2. Give h(-5).
12
Let n be (8 - 4)/((-2)/(-11)). Suppose 4 = -2*f + n. Let m(v) = f*v**2 - 14*v**2 + v**3 - 5 + 11*v**2. Determine m(-6).
-5
Suppose 47 = -18*r + 11. Let f(v) = -3*v + 2*v - v. Determine f(r).
4
Suppose 6 = q + q. Suppose -4*l = -4*b, q*l - 8*l + 2*b = -15. Let r(s) be the first derivative of s**3/3 - 7*s**2/2 + 4*s - 3. What is r(l)?
-6
Let x(u) be the second derivative of -u**4/2 - u**3/3 - u**2/2 + 210*u. Let i be (-2)/(4/6) + 2. Determine x(i).
-5
Suppose m - 3 = -4*o - 20, 5*m - 4*o - 11 = 0. Let c be ((-2)/6)/(m/(-9)). Let y(l) = -l - 6. Calculate y(c).
-3
Let m(u) = -2*u**3 - u**2 - 2*u - 2. Let o = -41 + 67. Suppose 0 = o*k - 22*k + 8. Give m(k).
14
Let x(a) = -a**2 - 6*a - 1. Let o = -206 - -202. Calculate x(o).
7
Let a(d) = -7*d**2 - 5*d + 2. Let y(b) = 8*b**2 + 5*b - 1. Let g(m) = 7*a(m) + 6*y(m). Let w = 516 + -523. Calculate g(w).
-6
Suppose q + 1 = -1. Let u(f) be the first derivative of -9 - 1/3*f**3 - f**2 - f. Determine u(q).
-1
Let k be 42/12*(-40)/35. Let u(m) = -4*m - 16. What is u(k)?
0
Let s(v) = -v**3 - 3*v**2 + v + 6. Let h be s(-3). Suppose -x = -h*d + 4*x - 26, -4*d - 24 = 4*x. Let a(k) = k**2 + 6*k + 3. Calculate a(d).
10
Let q(j) be the third derivative of j**6/120 + j**5/10 - 5*j**4/24 + 7*j**3/6 + 32*j**2. Determine q(-6).
37
Let p(v) be the second derivative of -v**4/12 - 5*v**3/6 + 6*v. Let s(f) = -f. Let k be (-18)/45*(0 + -30). Let z(j) = k*s(j) - 3*p(j). Give z(-2).
6
Let f(r) = 15*r - 348. Let h(k) = -2*k + 47. Let c(z) = 4*f(z) + 27*h(z). Give c(20).
-3
Let o(l) = -l + 1. Suppose -4*h = -2*g - 14, -h + 0*h + 7 = -4*g. Suppose h*u + s = -u - 13, 0 = -5*u - 4*s - 30. Let t be (5/(-10))/(u/4). Determine o(t).
0
Let r(h) = 7*h + 4. Suppose 4*l - 43 + 127 = 0. Let x = l + 26. Suppose -2*m + 0 = 3*d + 5, -x*d = -2*m + 19. What is r(d)?
-17
Let w(k) = 33*k + 3. Let x(m) = m - 1. Let d(v) = -w(v) - 2*x(v). Give d(-1).
34
Let l(q) = q**3 - 15*q**2 + 14*q - 6. Let x(u) = 21*u - 49. Let m be x(3). What is l(m)?
-6
Let n(x) be the third derivative of -x**7/5040 + x**6/240 - x**5/3 + 19*x**2. Let c(i) be the third derivative of n(i). What is c(3)?
0
Let r(k) = k + 1. Let m be r(7). Let g(z) = 2*z + 168 + 167 + 173 - 522 - z. Determine g(m).
-6
Suppose -4*g + 0*g = 128. Let x be (7/(-14))/(1/g). Suppose -z = -5*v + 4, x = -3*z - z + 5*v. Let m(k) = k**2 + 3*k + 1. Give m(z).
5
Let d(r) be the first derivative of r**3/3 - 3*r**2 + r + 107. Calculate d(4).
-7
Let o(c) = c**3 + 9*c**2 - 13*c - 30. Let k = -245 - -235. What is o(k)?
0
Suppose 5*k + 3*s - 22 = 0, 2*s + 18 = 5*k + 4*s. Let z(t) be the first derivative of -k*t - 1/3*t**3 + 5/2*t**2 - 2. What is z(5)?
-2
Let g(t) be the second derivative of 9*t**5/10 - t**4/12 - t**3/3 - t**2/2 + 110*t. What is g(-1)?
-18
Let a(d) = 4*d**2 + 4*d - 17. Let r be a(-5). Suppose r*m = 68*m + 30. Let w(n) = 6*n**2 + 0*n**3 - n**3 + n + 1 + 2*n**3. Determine w(m).
-5
Let j(b) be the second derivative of b**4/12 + b**3/3 + 5*b**2/2 + 113*b + 1. Determine j(-5).
20
Suppose -4*g = -5*u + 19 + 29, -g = 2. Let q(f) = f**3 - 6*f**2 - 12*f + 5. Calculate q(u).
37
Suppose -f = 4*c - 0*f - 24, 4*c = f + 16. Let o(m) = 1. Let v(b) = -b - 6. Let p(i) = c*o(i) + v(i). Suppose -5*l + 15 = -0. Calculate p(l).
-4
Let q = -4 - -7. Suppose j + q*s + 11 = 0, 0*s + 2 = -2*j - s. Let d(c) be the third derivative of -c**4/8 + c**2. Calculate d(j).
-3
Let q(j) = -1. Let r(s) = 3*s - 10. Let k(t) = 4*t - 10. Let b(y) = -4*k(y) + 5*r(y). Let l(c) = -b(c) + 5*q(c). Calculate l(7).
12
Let q(n) be the third derivative of -n**5/60 - 23*n**4/24 - 7*n**3/3 - 2*n**2 + 304*n. Calculate q(-22).
8
Let k = 45 - 42. Let z(q) = -q - k + 4*q + 0*q. Give z(5).
12
Let p(c) = 27*c**3 + c**2 - c + 1. Suppose 2*y = t + 6, -60 = 5*y + 3*t - 53. Give p(y).
28
Let w(t) be the first derivative of -3*t**5/40 - t**4/24 - 5*t**3/3 - 5. Let s(h) be the third derivative of w(h). Determine s(-1).
8
Let l(n) = -n + 14. Suppose 1 = -4*i + 37. What is l(i)?
5
Let o be 8/1 - (-6 + 8). Let v(a) = a**2 - 6*a - 5. Calculate v(o).
-5
Suppose -11 - 94 = 5*j + 5*h, -83 = 3*j - h. Let d = 57 + j. Suppose -d*a + 27*a = 20. Let s(l) = -l**3 - 5*l**2 + 2*l + 5. Calculate s(a).
-5
Let i(f) = -f + 302 - 156 - 148. Suppose -5*y - 5 = -3*x, 5*x = 4*x - 5*y - 25. Calculate i(x).
3
Let z = 7 + -5. Let l(f) = 4*f**2 - 4*f**2 + 0*f**2 - z + f**3 - 5*f**2. Suppose -3*s = -2 - 13. Determine l(s).
-2
Let t(j) be the second derivative of j**3/2 - 15*j + 2. Let r(s) = s + 4. Let d be r(-2). What is t(d)?
6
Let r(h) = -2*h**2 - h + 7. Suppose 8*o = 718 - 694. What is r(o)?
-14
Suppose -8 = 8*w - 4*w. Let d(h) = h**2 - 7*h - 8. Let v be d(7). Let q be (10/8)/(w/v). Let l(s) = -s**2 + 3*s - 2. Determine l(q).
-12
Suppose 4*v - 3 = -3*r + 10, -2*v + 5*r = 13. Let y(x) = 2 - x + 5 - v. Calculate y(0).
6
Let s(d) = 261604 + 0*d - 261609 - d. Suppose 0 = p - 7. Give s(p).
-12
Let n(o) = o**3 + 17*o**2 - 19*o - 22. Suppose 4*x = -5*q - 7 - 99, -4*q = 3*x + 84. What is n(q)?
-4
Suppose 10*j + 9*j = -152. Let q(h) = -2*h - 3. What is q(j)?
13
Let h(a) = -2*a - 12. Let o(j) = -j - 8. Let v(l) = -5*h(l) + 8*o(l). Let z(p) = -72*p + 1013. Let x be z(14). Give v(x).
6
Let w(m) = -m**3 - 3*m**2 - 3*m - 1. Let r = -90 + 87. Determine w(r).
8
Suppose 40 = 5*l - t, -l - 3*t + 40 = 4*l. Let z(q) = q**2 - 10*q + 23. Let x be z(l). Let d(s) = s**2 - 7*s + 8. Give d(x).
8
Let k(p) = -p + 2. Let t(g) = g**2 - 6*g - 7. Let s(c) = -4*c**3 + 2*c**2 + c**3 - c + 9*c**3. Let f be s(1). Let r be t(f). Determine k(r).
2
Suppose 0 = d - 2*c + 4, -1 = -d - 0*d + c. Let g = d + 6. Suppose 4*u + 16 = -5*b, 3*u + b = -0*b - g. Let p(k) = 2*k + 3. Determine p(u).
-5
Let c be (25/15)/(2/(-6)). Let z(x) = x - 1. Let p(m) = -7*m + 7. Let a(h) = p(h) + 5*z(h). Calculate a(c).
12
Let d be 0*((-21)/(-6))/(-7). Let w = 6 - d. Let h(j) be the first derivative of 3*j**2/2 - 9*j - 21. What is h(w)?
9
Let v(z) = -z**2 - 5*z + 9. Let m(h) = 34*h + 96. Let s be m(-3). What is v(s)?
3
Let g(s) = s**3 - 14*s**2 - 17*s + 33. Let j be g(15). Let u(f) be the third derivative of 0*f**j + 0 + 0*f + 4*f**2 + 1/60*f**5 - 1/24*f**4. Give u(0).
0
Let k(l) = l**2 - 16*l + 19. Let r(n) = 13*n**2 - 14*n - 14. Let g be r(-1). Give k(g).
-20
Let j be (-66)/(-11) + -1*1. Suppose j*w - 90 = 5*m, -m + 3*m + 4*w + 18 = 0. Let x = -18 - m. Let s(i) = -i - 5. Give s(x).
-2
Let p = 5879 - 5879. Let s(c) = 2*c - 2. Let a be s(3). Let h(w) = 7 - a*w - w**2 + w**3 + 4*w. Calculate h(p).
7
Let g = -2017 - -2010. Let m(f) = f**2 + 11*f + 9. Give m(g).
-19
Let